t are the prime factors of 43?
43
List the prime factors of 5099.
5099
List the prime factors of 53.
53
List the prime factors of 43510.
2, 5, 19, 229
List the prime factors of 5861.
5861
What are the prime factors of 1113?
3, 7, 53
What are the prime factors of 67240?
2, 5, 41
List the prime factors of 33305.
5, 6661
List the prime factors of 585.
3, 5, 13
What are the prime factors of 18646?
2, 9323
What are the prime factors of 13634?
2, 17, 401
What are the prime factors of 1104?
2, 3, 23
List the prime factors of 455.
5, 7, 13
What are the prime factors of 18717?
3, 17, 367
List the prime factors of 7997.
11, 727
What are the prime factors of 607?
607
What are the prime factors of 12105?
3, 5, 269
What are the prime factors of 1289?
1289
What are the prime factors of 12339?
3, 457
List the prime factors of 36743.
7, 29, 181
What are the prime factors of 31245?
3, 5, 2083
What are the prime factors of 35880?
2, 3, 5, 13, 23
List the prime factors of 2283.
3, 761
What are the prime factors of 1792?
2, 7
What are the prime factors of 21488?
2, 17, 79
List the prime factors of 4115.
5, 823
List the prime factors of 1649.
17, 97
List the prime factors of 3292.
2, 823
What are the prime factors of 3754?
2, 1877
What are the prime factors of 3937?
31, 127
What are the prime factors of 14430?
2, 3, 5, 13, 37
List the prime factors of 647.
647
List the prime factors of 15261.
3, 5087
List the prime factors of 5953.
5953
What are the prime factors of 6918?
2, 3, 1153
List the prime factors of 492.
2, 3, 41
List the prime factors of 34560.
2, 3, 5
List the prime factors of 50367.
3, 103, 163
What are the prime factors of 2805?
3, 5, 11, 17
List the prime factors of 717.
3, 239
What are the prime factors of 2110?
2, 5, 211
What are the prime factors of 1238?
2, 619
What are the prime factors of 272?
2, 17
What are the prime factors of 172?
2, 43
List the prime factors of 2161.
2161
List the prime factors of 23662.
2, 11831
List the prime factors of 15789.
3, 19, 277
What are the prime factors of 74370?
2, 3, 5, 37, 67
What are the prime factors of 1121?
19, 59
List the prime factors of 1318.
2, 659
List the prime factors of 2382.
2, 3, 397
What are the prime factors of 2833?
2833
List the prime factors of 66700.
2, 5, 23, 29
List the prime factors of 242.
2, 11
What are the prime factors of 4036?
2, 1009
List the prime factors of 13346.
2, 6673
List the prime factors of 6185.
5, 1237
List the prime factors of 13037.
13037
What are the prime factors of 762?
2, 3, 127
List the prime factors of 48425.
5, 13, 149
What are the prime factors of 31316?
2, 7829
What are the prime factors of 15686?
2, 11, 23, 31
List the prime factors of 1334.
2, 23, 29
List the prime factors of 7278.
2, 3, 1213
What are the prime factors of 10112?
2, 79
What are the prime factors of 21060?
2, 3, 5, 13
What are the prime factors of 1758?
2, 3, 293
What are the prime factors of 1182?
2, 3, 197
What are the prime factors of 57636?
2, 3, 1601
List the prime factors of 333.
3, 37
What are the prime factors of 76082?
2, 109, 349
List the prime factors of 1414.
2, 7, 101
List the prime factors of 67937.
41, 1657
What are the prime factors of 1915?
5, 383
What are the prime factors of 65915?
5, 13183
What are the prime factors of 571?
571
List the prime factors of 7828.
2, 19, 103
What are the prime factors of 9921?
3, 3307
What are the prime factors of 88692?
2, 3, 19, 389
List the prime factors of 819.
3, 7, 13
List the prime factors of 1371.
3, 457
What are the prime factors of 1248?
2, 3, 13
What are the prime factors of 1375?
5, 11
What are the prime factors of 1949?
1949
List the prime factors of 59097.
3, 19699
What are the prime factors of 7180?
2, 5, 359
What are the prime factors of 7826?
2, 7, 13, 43
List the prime factors of 13514.
2, 29, 233
What are the prime factors of 28370?
2, 5, 2837
List the prime factors of 1609.
1609
List the prime factors of 28467.
3, 3163
What are the prime factors of 13816?
2, 11, 157
List the prime factors of 44826.
2, 3, 31, 241
List the prime factors of 2251.
2251
List the prime factors of 121945.
5, 29
What are the prime factors of 12022?
2, 6011
List the prime factors of 622.
2, 311
What are the prime factors of 164232?
2, 3, 2281
List the prime factors of 26013.
3, 13, 23, 29
What are the prime factors of 6965?
5, 7, 199
What are the prime factors of 836?
2, 11, 19
What are the prime factors of 3046?
2, 1523
What are the prime factors of 272?
2, 17
List the prime factors of 14577.
3, 43, 113
List the prime factors of 596.
2, 149
What are the prime factors of 903?
3, 7, 43
What are the prime factors of 115524?
2, 3, 3209
What are the prime factors of 1073?
29, 37
What are the prime factors of 9293?
9293
What are the prime factors of 1425?
3, 5, 19
What are the prime factors of 76398?
2, 3, 7, 17, 107
List the prime factors of 43711.
43711
What are the prime factors of 35337?
3, 11779
What are the prime factors of 59177?
17, 59
What are the prime factors of 8110?
2, 5, 811
What are the prime factors of 873?
3, 97
What are the prime factors of 1163?
1163
What are the prime factors of 260?
2, 5, 13
List the prime factors of 1880.
2, 5, 47
What are the prime factors of 236?
2, 59
What are the prime factors of 789?
3, 263
What are the prime factors of 5341?
7, 109
What are the prime factors of 60712?
2, 7589
List the prime factors of 2176.
2, 17
List the prime factors of 111442.
2, 55721
What are the prime factors of 22675?
5, 907
List the prime factors of 31591.
7, 4513
What are the prime factors of 9518?
2, 4759
What are the prime factors of 11577?
3, 17, 227
List the prime factors of 46328.
2, 5791
What are the prime factors of 602?
2, 7, 43
List the prime factors of 635.
5, 127
List the prime factors of 3746.
2, 1873
List the prime factors of 1744.
2, 109
What are the prime factors of 250?
2, 5
What are the prime factors of 3417?
3, 17, 67
What are the prime factors of 3681?
3, 409
List the prime factors of 9054.
2, 3, 503
List the prime factors of 4232.
2, 23
List the prime factors of 16635.
3, 5, 1109
What are the prime factors of 13528?
2, 19, 89
What are the prime factors of 26114?
2, 11, 1187
List the prime factors of 1766.
2, 883
List the prime factors of 2935.
5, 587
List the prime factors of 130003.
130003
What are the prime factors of 485?
5, 97
List the prime factors of 1389.
3, 463
What are the prime factors of 1015?
5, 7, 29
List the prime factors of 4988.
2, 29, 43
What are the prime factors of 685?
5, 137
What are the prime factors of 254?
2, 127
List the prime factors of 1305.
3, 5, 29
What are the prime factors of 5007?
3, 1669
What are the prime factors of 5473?
13, 421
What are the prime factors of 1583?
1583
List the prime factors of 3189.
3, 1063
What are the prime factors of 1743?
3, 7, 83
List the prime factors of 3308.
2, 827
List the prime factors of 875.
5, 7
List the prime factors of 10564.
2, 19, 139
List the prime factors of 34814.
2, 13, 103
List the prime factors of 2088.
2, 3, 29
What are the prime factors of 854?
2, 7, 61
List the prime factors of 53339.
11, 13, 373
What are the prime factors of 2047?
23, 89
List the prime factors of 4713.
3, 1571
What are the prime factors of 16234?
2, 8117
List the prime factors of 13526.
2, 6763
List the prime factors of 53926.
2, 59, 457
List the prime factors of 29777.
11, 2707
List the prime factors of 21322.
2, 7, 1523
What are the prime factors of 22868?
2, 5717
What are the prime factors of 35335?
5, 37, 191
What are the prime factors of 15205?
5, 3041
List the prime factors of 18641.
7, 2663
List the prime factors of 10539.
3, 1171
What are the prime factors of 14412?
2, 3, 1201
What are the prime factors of 93016?
2, 7, 11, 151
List the prime factors of 2720.
2, 5, 17
What are the prime factors of 143544?
2, 3, 5981
What are the prime factors of 5899?
17, 347
What are the prime factors of 23654?
2, 11827
List the prime factors of 711.
3, 79
List the prime factors of 69122.
2, 17, 19, 107
What are the prime factors of 4219?
4219
What are the prime factors of 5561?
67, 83
What are the prime factors of 2679?
3, 19, 47
List the prime factors of 19521.
3, 241
List the prime factors of 48108.
2, 3, 19, 211
List the prime factors of 30718.
2, 15359
What are the pri